nvert -147 (base 11) to base 13.
-103
Convert 1 (base 13) to base 5.
1
-11 (base 3) to base 9
-4
Convert d2 (base 15) to base 10.
197
What is 72 (base 13) in base 6?
233
-5 (base 9) to base 16
-5
-5 (base 6) to base 4
-11
What is 3233 (base 4) in base 7?
461
-100 (base 2) to base 13
-4
12 (base 11) to base 7
16
What is 10 (base 13) in base 7?
16
1 (base 2) to base 11
1
-21 (base 3) to base 10
-7
-24 (base 9) to base 16
-16
1e (base 16) to base 14
22
11 (base 7) to base 9
8
7e (base 16) to base 6
330
Convert 132 (base 7) to base 8.
110
Convert -38 (base 14) to base 9.
-55
Convert -6 (base 15) to base 10.
-6
What is 156 (base 9) in base 14?
96
What is -58 (base 12) in base 8?
-104
Convert -243 (base 6) to base 14.
-71
What is -2 (base 7) in base 12?
-2
-2 (base 4) to base 13
-2
What is -2 (base 15) in base 13?
-2
Convert 3 (base 15) to base 7.
3
-110011 (base 2) to base 14
-39
3 (base 4) to base 16
3
Convert -3 (base 10) to base 9.
-3
Convert 6 (base 15) to base 4.
12
What is -5 (base 6) in base 12?
-5
What is 111 (base 4) in base 2?
10101
Convert 1 (base 15) to base 4.
1
Convert 214 (base 6) to base 14.
5c
What is -1d (base 14) in base 16?
-1b
Convert -4 (base 12) to base 13.
-4
What is 2 (base 5) in base 6?
2
Convert -a (base 15) to base 4.
-22
Convert -1200 (base 3) to base 12.
-39
Convert 5 (base 16) to base 11.
5
What is 5 (base 13) in base 3?
12
Convert -4 (base 15) to base 8.
-4
Convert -2 (base 14) to base 16.
-2
Convert 420 (base 7) to base 4.
3102
-6 (base 11) to base 9
-6
21 (base 6) to base 16
d
Convert 2 (base 11) to base 2.
10
10 (base 2) to base 3
2
What is 2 (base 11) in base 15?
2
0 (base 10) to base 6
0
-11 (base 2) to base 10
-3
Convert a (base 13) to base 3.
101
What is -11 (base 4) in base 10?
-5
What is -1210 (base 3) in base 15?
-33
What is 121 (base 4) in base 16?
19
1 (base 14) to base 11
1
What is 22 (base 11) in base 12?
20
What is -3 (base 14) in base 16?
-3
-1 (base 7) to base 14
-1
Convert -8 (base 15) to base 11.
-8
What is -1331 (base 5) in base 12?
-160
Convert -b1 (base 13) to base 9.
-170
What is -1202 (base 5) in base 10?
-177
16 (base 11) to base 2
10001
1202 (base 5) to base 7
342
What is -1 (base 13) in base 11?
-1
220 (base 3) to base 13
1b
-4 (base 12) to base 5
-4
What is 101 (base 5) in base 14?
1c
Convert 11001 (base 2) to base 13.
1c
What is -3 (base 9) in base 8?
-3
Convert -92 (base 14) to base 11.
-107
Convert -11 (base 3) to base 16.
-4
What is -1 (base 2) in base 6?
-1
Convert 114 (base 8) to base 5.
301
224 (base 7) to base 12
98
What is -3 (base 15) in base 2?
-11
Convert 11 (base 7) to base 8.
10
21 (base 6) to base 3
111
What is -8 (base 15) in base 7?
-11
What is -24 (base 13) in base 11?
-28
What is -112200 (base 3) in base 12?
-290
Convert 2 (base 6) to base 4.
2
-1 (base 13) to base 9
-1
What is 1 (base 11) in base 12?
1
Convert 1303 (base 4) to base 13.
8b
What is 4 (base 6) in base 3?
11
What is 11 (base 11) in base 10?
12
Convert -165 (base 14) to base 2.
-100011101
Convert 5 (base 10) to base 3.
12
Convert 200 (base 9) to base 11.
138
25 (base 6) to base 15
12
-295 (base 11) to base 15
-181
5 (base 6) to base 8
5
-4 (base 9) to base 14
-4
Convert -5 (base 10) to base 16.
-5
Convert -95 (base 16) to base 4.
-2111
Convert -5 (base 6) to base 7.
-5
What is -1 (base 2) in base 11?
-1
Convert -4 (base 11) to base 9.
-4
What is 3 (base 8) in base 6?
3
Convert a (base 12) to base 10.
10
110100 (base 2) to base 8
64
Convert 131 (base 12) to base 10.
181
0 (base 8) to base 10
0
-9 (base 16) to base 4
-21
What is 11021 (base 3) in base 9?
137
a9 (base 11) to base 15
7e
Convert 14 (base 13) to base 10.
17
What is 1 (base 4) in base 14?
1
What is -4 (base 8) in base 11?
-4
Convert -11021 (base 3) to base 16.
-73
Convert 4 (base 15) to base 2.
100
Convert 174 (base 10) to base 8.
256
Convert 111 (base 3) to base 5.
23
What is 3 (base 15) in base 12?
3
What is 6 (base 15) in base 7?
6
What is 22 (base 10) in base 15?
17
-30 (base 4) to base 3
-110
1 (base 9) to base 6
1
-12 (base 5) to base 2
-111
Convert 1011 (base 4) to base 12.
59
21 (base 7) to base 2
1111
-11 (base 3) to base 13
-4
130 (base 8) to base 3
10021
-19 (base 10) to base 8
-23
Convert -63 (base 15) to base 10.
-93
What is -105 (base 8) in base 12?
-59
What is -281 (base 9) in base 4?
-3223
Convert -10111010 (base 2) to base 8.
-272
6 (base 15) to base 12
6
Convert -124 (base 9) to base 2.
-1100111
Convert 7e (base 16) to base 9.
150
What is -3 (base 12) in base 16?
-3
What is 11 (base 16) in base 5?
32
Convert 1 (base 5) to base 7.
1
Convert 1211 (base 5) to base 2.
10110101
Convert -1000 (base 2) to base 3.
-22
Convert -3 (base 5) to base 9.
-3
Convert 10100 (base 2) to base 8.
24
What is -b8 (base 13) in base 2?
-10010111
-10 (base 3) to base 8
-3
What is 1 (base 14) in base 10?
1
What is -3 (base 5) in base 10?
-3
Convert 54 (base 14) to base 9.
82
What is -2104 (base 5) in base 9?
-340
What is 3 (base 15) in base 16?
3
-32 (base 4) to base 16
-e
What is 1 (base 13) in base 11?
1
Convert 0 (base 10) to base 11.
0
-1 (base 10) to base 11
-1
Convert 18 (base 12) to base 7.
26
What is -7 (base 11) in base 4?
-13
0 (base 15) to base 9
0
Convert -6 (base 14) to base 3.
-20
What is 54 (base 8) in base 12?
38
What is 1 (base 14) in base 4?
1
What is 37 (base 9) in base 3?
1021
Convert 5 (base 9) to base 16.
5
What is 34 (base 5) in base 9?
21
Convert -3 (base 6) to base 14.
-3
What is 35 (base 13) in base 8?
54
500 (base 6) to base 5
1210
What is -211 (base 3) in base 7?
-31
What is 21 (base 6) in base 9?
14
What is 15b (base 15) in base 3?
102112
-8 (base 16) to base 7
-11
What is -1111001 (base 2) in base 3?
-11111
Convert -1110100 (base 2) to base 12.
-98
Convert 24 (base 8) to base 16.
14
Convert 5 (base 10) to base 14.
5
e (base 15) to base 4
32
-37 (base 9) to base 11
-31
What is -200 (base 6) in base 5?
-242
16 (base 11) to base 6
25
Convert -14 (base 8) to base 10.
-12
Convert -17 (base 15) to base 4.
-112
What is 3 (base 12) in base 9?
3
What is 51 (base 11) in base 9?
62
What is 215 (base 6) in base 14?
5d
What is 141 (base 6) in base 3?
2021
210 (base 6) to base 10
78
Convert -1 (base 6) to base 4.
-1
Convert 100 (base 7) to base 6.
121
What is 37 (base 9) in base 5?
114
Convert -9b (base 16) to base 10.
-155
Convert -21 (base 3) to base 11.
-7
21 (base 6) to base 2
1101
-3 (base 8) to base 16
-3
Convert -3 (base 12) to base 6.
-3
What is 16 (base 9) in base 4?
33
Convert 123 (base 4) to base 11.
25
What is 12 (base 4) in base 8?
6
2 (base 13) to base 7
2
Convert -11 (base 3) to base 4.
-10
What is -44 (base 9) in base 15?
-2a
What is -1 (base 8) in base 3?
-1
Convert 1 (base 16) to base 10.
1
Convert -26 (base 10) to base 15.
-1b
56 (base 11) to base 3
2021
Convert -b1 (base 12) to base 11.
-111
Convert -4 (base 12) to base 10.
-4
What is -1f (base 16) in base 8?
-37
What is -51 (base 8) in base 3?
-1112
Convert -35 (base 7) to base 14.
-1c
Convert -5 (base 6) to base 12.
-5
121 (base 12) to base 14
c1
Convert -8 (base 16) to base 2.
-1000
Convert a7 (base 12) to base 11.
106
What is -1 (base 3) in base 7?
-1
Convert -122 (base 12) to base 7.
-332
Convert -333 (base 6) to base 2.
-10000001
Convert 1022 (base 6) to base 16.
e6
What is -22 (base 11) in base 5?
-44
What is -2 (base 5) in base 11?
-2
7 (base 15) to base 7
10
-111 (base 7) to base 11
-52
2 (base 11) to base 2
10
Convert 0 (base 6) to base 13.
0
What is 36 (base 11) in base 3?
1110
Convert -1 (base 3) to base 15.
-1
20222 (base 3) to base 11
161
Convert -14 (base 9) to base 12.
-11
1001111 (base 2) to base 16
4f
What is 1 (base 13) in base 6?
1
-6 (base 12) to base 7
-6
Convert 220 (base 9) to base 2.
10110100
-7 (base 16) to base 6
-11
-e9 (base 15) to base 14
-119
Convert 2 (base 14) to base 9.
2
5 (base 10) to base 9
5
What is -3 (base 4) in base 13?
-3
Convert -1001110 (base 2) to base 3.
-2220
12 (base 4) to base 2
110
What is 4 (base 10) in base 2?
100
Convert 8 (base 14) to base 7.
11
Convert b (base 16) to base 12.
b
-10 (base 6) to base 8
-6
Convert 5 (base 13) to base 3.
12
b7 (base 15) to base 4
2230
What is 5 (base 12) in base 4?
11
Convert -8 (base 13) to base 11.
-8
Convert -5 (base 12) to base 4.
-11
Convert -15 (base 12) to base 13.
-14
What i